 (base 5) to base 6.
-210314
Convert -6305 (base 14) to base 11.
-118a7
What is -94a (base 16) in base 6?
-15002
Convert 4a52 (base 11) to base 10.
6591
What is 61b (base 15) in base 6?
10212
What is 1330132 (base 4) in base 12?
473a
What is 7470 (base 9) in base 4?
1111302
a27 (base 11) to base 4
103113
-4253 (base 6) to base 13
-597
3325 (base 11) to base 14
1851
-1018 (base 15) to base 5
-102043
-73434 (base 9) to base 6
-1012221
What is -4c2 (base 15) in base 10?
-1082
What is 83 (base 12) in base 13?
78
Convert 479 (base 13) to base 6.
3332
408 (base 13) to base 11
572
-1811c (base 13) to base 8
-132373
What is -18883 (base 10) in base 16?
-49c3
14011 (base 5) to base 15
506
What is -131223 (base 4) in base 15?
-869
-6621 (base 9) to base 16
-130f
What is 60367 (base 8) in base 3?
1021001101
2003 (base 6) to base 15
1e0
What is 19669 (base 10) in base 13?
8c50
Convert -134d (base 14) to base 15.
-101b
Convert -1305 (base 12) to base 16.
-875
5252 (base 8) to base 14
dd0
What is 320302 (base 4) in base 7?
13411
100111000110011 (base 2) to base 10
20019
What is -1100111110110 (base 2) in base 10?
-6646
What is 140 (base 7) in base 12?
65
-1511 (base 13) to base 6
-22052
-1111 (base 8) to base 11
-492
-11100 (base 4) to base 8
-520
Convert 152145 (base 7) to base 3.
1111120120
1000100000110 (base 2) to base 5
114413
Convert 3b08 (base 16) to base 7.
62026
What is -5b0 (base 12) in base 6?
-3540
-6752 (base 8) to base 4
-313222
Convert 10784 (base 14) to base 3.
2000201221
Convert -10111111001 (base 2) to base 6.
-11025
What is -2c3 (base 15) in base 10?
-633
Convert 1020100 (base 3) to base 10.
900
Convert -1211201010 (base 3) to base 10.
-36237
What is 9a0 (base 13) in base 3?
2021011
Convert -862 (base 11) to base 2.
-10000001100
12121201 (base 3) to base 12
2454
b6d1 (base 15) to base 9
58037
-2534 (base 6) to base 14
-334
-5463 (base 16) to base 15
-6603
Convert -736 (base 14) to base 13.
-853
Convert -b1e (base 15) to base 12.
-1548
aa30 (base 14) to base 8
71402
-113375 (base 9) to base 6
-1243152
-821 (base 9) to base 4
-22123
Convert -40342 (base 6) to base 11.
-3aa5
Convert 7775 (base 8) to base 6.
30541
What is -75 (base 9) in base 15?
-48
What is 30331 (base 4) in base 5?
11304
211020001 (base 3) to base 5
1004301
Convert 1212 (base 3) to base 5.
200
What is b26 (base 16) in base 15?
ca4
What is 44246 (base 10) in base 11?
30274
-1ee6 (base 15) to base 5
-203431
7c2 (base 16) to base 5
30421
What is -1144 (base 6) in base 13?
-187
Convert -21030 (base 5) to base 2.
-10101101110
Convert -112110 (base 3) to base 5.
-3030
Convert -126 (base 16) to base 9.
-356
What is 604 (base 9) in base 14?
270
What is 1039 (base 10) in base 3?
1102111
-120330 (base 4) to base 16
-63c
-127 (base 10) to base 8
-177
-665 (base 7) to base 16
-155
Convert -11111202211 (base 3) to base 4.
-111223003
-46da (base 16) to base 8
-43332
-225a (base 15) to base 4
-1301311
What is 57641 (base 8) in base 4?
11332201
10345 (base 6) to base 3
1222002
Convert 1ab (base 15) to base 3.
112022
6406 (base 15) to base 12
102b0
Convert 4686 (base 14) to base 6.
132450
What is -318 (base 15) in base 6?
-3122
What is -52320 (base 6) in base 10?
-7032
-100 (base 9) to base 2
-1010001
9c (base 16) to base 9
183
Convert 102201 (base 4) to base 11.
988
What is 110000101 (base 2) in base 16?
185
What is 3234 (base 12) in base 4?
1112020
Convert -899 (base 14) to base 15.
-788
What is 312 (base 11) in base 12?
274
Convert -1011111001 (base 2) to base 4.
-23321
10122101 (base 3) to base 8
5140
Convert 1c3 (base 15) to base 4.
12120
What is -36a9 (base 14) in base 6?
-112125
-1050 (base 7) to base 14
-1d0
a951 (base 13) to base 6
301021
What is -2110220 (base 3) in base 2?
-11100001110
-a20 (base 11) to base 5
-14412
-192a (base 13) to base 16
-eaa
What is -885 (base 10) in base 14?
-473
-11011110101 (base 2) to base 16
-6f5
120100 (base 3) to base 12
2a6
5dd (base 14) to base 3
1121112
What is -bb6 (base 12) in base 7?
-5010
Convert 13275 (base 15) to base 8.
167576
-1012201 (base 3) to base 12
-617
2cca (base 16) to base 9
16650
-101 (base 10) to base 9
-122
What is 66 (base 16) in base 5?
402
1504 (base 9) to base 4
101302
Convert -4231 (base 7) to base 2.
-10111010100
Convert -23000 (base 4) to base 15.
-31e
3154 (base 6) to base 12
4ba
-104 (base 16) to base 4
-10010
Convert 211200101 (base 3) to base 6.
204314
Convert 2431 (base 5) to base 13.
222
What is -18e4 (base 15) in base 6?
-40541
Convert 206a (base 13) to base 15.
14dc
What is 14100 (base 5) in base 4?
101332
Convert -222204 (base 5) to base 6.
-100044
What is -424 (base 15) in base 7?
-2503
-3034410 (base 5) to base 7
-263615
Convert 232 (base 13) to base 3.
112001
Convert -11110221 (base 3) to base 9.
-4427
Convert 2131 (base 7) to base 4.
23311
-1284 (base 14) to base 9
-4413
9b6 (base 13) to base 6
11422
What is -289 (base 15) in base 3?
-210110
What is 1a485 (base 11) in base 10?
28528
5014 (base 6) to base 16
442
Convert 142230 (base 5) to base 2.
1011100110100
What is -a4a (base 13) in base 3?
-2101220
Convert -431204 (base 5) to base 13.
-6817
-122303 (base 4) to base 8
-3263
What is -185 (base 10) in base 7?
-353
What is -10015 (base 6) in base 2?
-10100011011
Convert -252364 (base 7) to base 3.
-2100210011
What is 7065 (base 12) in base 8?
27615
What is 12303 (base 5) in base 7?
2531
What is c7 (base 16) in base 13?
124
-15211 (base 6) to base 8
-4627
Convert 1a0b (base 15) to base 5.
140021
110455 (base 8) to base 13
13bbb
Convert -2b7 (base 15) to base 10.
-622
What is -18c (base 15) in base 14?
-1b7
What is -696 (base 15) in base 8?
-2723
Convert -321013 (base 4) to base 13.
-1882
What is -c213 (base 13) in base 14?
-9a46
-1260 (base 16) to base 12
-2880
-534 (base 10) to base 12
-386
What is -2212212 (base 3) in base 6?
-13422
Convert 2470 (base 8) to base 5.
20321
What is 30507 (base 10) in base 5?
1434012
-fd2 (base 16) to base 12
-2416
-15853 (base 10) to base 7
-64135
What is 11063 (base 7) in base 4?
223211
-122014 (base 6) to base 9
-15741
10672 (base 10) to base 5
320142
37650 (base 11) to base 2
1101001100000101
Convert -82408 (base 9) to base 5.
-3214103
What is 250 (base 9) in base 16?
cf
Convert -ba (base 16) to base 4.
-2322
What is -1517 (base 9) in base 3?
-1120121
What is 1013033 (base 4) in base 7?
16202
What is 1358 (base 10) in base 16?
54e
What is 10101100010 (base 2) in base 7?
4006
Convert -14244 (base 6) to base 13.
-104b
Convert -44a (base 14) to base 13.
-505
Convert 41244 (base 6) to base 4.
1111330
Convert -11c55 (base 14) to base 15.
-cdac
-101000101 (base 2) to base 14
-193
Convert -3044 (base 6) to base 10.
-676
Convert 11244 (base 5) to base 8.
1470
Convert -2932 (base 10) to base 8.
-5564
-1322132 (base 4) to base 12
-4652
Convert -148c4 (base 13) to base 4.
-21133031
What is -40031 (base 6) in base 14?
-1c79
1c28 (base 16) to base 11
5463
What is -14243 (base 6) in base 3?
-10002200
Convert 33102 (base 4) to base 2.
1111010010
What is -4ec (base 15) in base 13?
-684
-518 (base 12) to base 9
-1012
10001110110010 (base 2) to base 9
13473
What is 33200 (base 4) in base 10?
992
Convert 1330 (base 5) to base 4.
3113
Convert 348 (base 13) to base 6.
2343
What is 53334 (base 7) in base 2?
11001110010110
Convert -272 (base 16) to base 2.
-1001110010
Convert 5103 (base 8) to base 14.
d59
Convert -306252 (base 7) to base 16.
-cd86
Convert 1416 (base 7) to base 8.
1050
512 (base 16) to base 14
68a
-235 (base 7) to base 11
-103
Convert 4567 (base 12) to base 8.
17037
What is -23125 (base 7) in base 8?
-13413
-69b (base 12) to base 16
-3d7
-507 (base 8) to base 2
-101000111
112101212 (base 3) to base 7
42416
114 (base 12) to base 15
aa
103040 (base 7) to base 4
10113020
-10100202 (base 3) to base 9
-3322
Convert -16894 (base 12) to base 7.
-163240
5470 (base 16) to base 4
11101300
Convert a76 (base 11) to base 15.
5b3
289c4 (base 13) to base 6
1345335
-101022 (base 4) to base 12
-776
What is 233130 (base 5) in base 2?
10000101011100
Convert 539 (base 13) to base 5.
12033
-20cb (base 15) to base 7
-26144
Convert 1546 (base 8) to base 14.
462
What is -27621 (base 10) in base 9?
-41800
-1c4 (base 14) to base 12
-268
7366 (base 8) to base 6
25422
Convert -4b9 (base 12) to base 14.
